l, -5*w + 2*w = -3*l - 70479. What are the prime factors of w?
5, 7, 11, 61
Let j(m) = -547*m**3 + 59*m**2 + 11*m + 14. List the prime factors of j(-3).
7, 37, 59
Let f = -54 - -52. Let r(o) be the first derivative of 5*o**3/3 + 3*o**2/2 + 5*o + 4. List the prime factors of r(f).
19
Let w(q) = 20*q**2 - 100*q + 4. Let d be w(5). Let j be (4 - 4) + 1*4. Suppose 108 = 4*z - d*o - 52, -153 = -j*z - 3*o. List the prime factors of z.
3, 13
Let v be 4*(2 + (-4565)/20) - -3. Let a = -16 - v. List the prime factors of a.
2, 443
Let q(t) be the first derivative of -t**2 + 2*t - 9*t + 9 + 1 - 10*t**3 + 11*t**3. What are the prime factors of q(-4)?
7
What are the prime factors of 3/39 - ((-3222121)/91)/1?
2, 2213
Let u(w) = -3*w**3 + 2*w**2 + 83*w + 1106. List the prime factors of u(-12).
2, 2791
Let u(w) = 34*w + 39*w - 118 - 5*w + 19 - 16*w. What are the prime factors of u(37)?
5, 73
Suppose 4*g = -j + 2*j + 1716, 3*g - 1287 = -3*j. Suppose 5*o = a + g, 3*o + 2*a - 260 = -0*a. Let n = 171 - o. List the prime factors of n.
5, 17
Let w be ((-48)/(-14))/(7 - 235/35). Suppose w*k - 5*k = 5922. List the prime factors of k.
2, 3, 47
Let j be 36/(122/60 - (14 + -12)). Let t = j + -600. What are the prime factors of t?
2, 3, 5
Suppose 9*c - 4*c - 3*q = 41159, -4*c + 32942 = 5*q. What are the prime factors of c?
8233
Let c be (-4 - (-8 + 3))*1131. Suppose c = -7*a + 9552. What are the prime factors of a?
3, 401
Let z(o) = -o**3 + 4*o**2 + 6. Let l = 64 - 60. Let j be z(l). Let b(w) = 19*w + 18. List the prime factors of b(j).
2, 3, 11
Let t = 234 - 230. Suppose -t*j + 253 + 1571 = -5*p, -2*p - 914 = -2*j. List the prime factors of j.
461
Let y(h) = h**2 + h - 94. Let j be y(0). Let z = j + 412. List the prime factors of z.
2, 3, 53
Let o(l) = l**3 - 29*l**2 - 3*l - 14. Let b be o(14). List the prime factors of b/(-16) + -3 + (-7)/28.
2, 23
What are the prime factors of (-2)/(-30) + 2/6 + (-1191729)/(-165)?
31, 233
Let z(f) = -6*f + 29. Let x be z(5). Let h be ((1 - 0) + 70)/x + -1. Let t = 128 + h. List the prime factors of t.
2, 7
Suppose 29*h = 27*h + 12. Suppose h*o = 1623 + 1515. Suppose -317 = -7*v + o. List the prime factors of v.
2, 3, 5
Suppose -32*c + 5902 = -23186. Suppose 2*g - 541 = -21*m + 18*m, 0 = 5*m - 4*g - c. What are the prime factors of m?
181
Suppose -z - 96 + 92 = 0, -2*s = 3*z - 49538. What are the prime factors of s?
5, 991
Let p = 86472 - 36268. What are the prime factors of p?
2, 7, 11, 163
Suppose 133*r - 130*r = -4500. Let i = -752 - r. What are the prime factors of i?
2, 11, 17
Suppose -49*i - 40*i = 50*i - 2533553. What are the prime factors of i?
11, 1657
Suppose 4*o = 4*s - 16497 - 2451, s = -o + 4729. What are the prime factors of s?
4733
What are the prime factors of 50*(-6 - -60) - -8?
2, 677
Let r(n) = 5*n + 92. Let c(h) = h**3 + 5*h**2 - 2*h - 10. Let u be 3/(-2) - (-77)/(-22). Let q be c(u). What are the prime factors of r(q)?
2, 23
Let p(z) = 111*z**2 + 354*z - 5931. List the prime factors of p(18).
3, 5, 809
Let w = -6558 - -8810. What are the prime factors of w?
2, 563
Let i(j) = 2*j - 10. Let b be i(7). Suppose 2*t + 12 = -b*r, 3*r + 3*t + 12 = -3. List the prime factors of r*2 - -89 - (3 - 3).
3, 29
Let c be (345/5 + 2)*-10. Let o = -249 - c. List the prime factors of o.
461
List the prime factors of (-6462)/1795*(3/6)/(1/(-19605)).
3, 1307
Let r = -3977 + 66954. What are the prime factors of r?
71, 887
Let x(t) = 2*t + 9. Let l be x(2). Suppose -l = -4*u + 3*u + 4*j, -4*u - 4*j + 12 = 0. Suppose v - 348 = -u*v. What are the prime factors of v?
2, 29
Let u = 23549 + -9611. List the prime factors of u.
2, 3, 23, 101
Let u(h) = h**2 - 5*h - 1. Let l be u(4). Let z be (-3 - l)/(2/3). Suppose p - 2 = z*a + 2, 4*a = p - 1. List the prime factors of p.
13
Let t = 29 - 24. Let o be (-721)/t - 2/(-10). Let g = o - -203. What are the prime factors of g?
59
Let f(s) be the third derivative of 13*s**4/12 - 2*s**3/3 - 18*s**2. Let g be f(4). Let r = -56 + g. What are the prime factors of r?
2, 11
Let u = 7 - 7. Suppose u = 4*i - 376 - 1236. List the prime factors of i.
13, 31
Let s = 29906 - -11244. List the prime factors of s.
2, 5, 823
Suppose 14*f = 16512 + 23542. What are the prime factors of f?
2861
Let p(c) = 59*c**2 - 737. What are the prime factors of p(-18)?
18379
Let n = 133 - -59. Suppose -n*h = -189*h - 2628. List the prime factors of h.
2, 3, 73
Suppose 2*q - 4 = 4*q, 5*c + 2*q = 11. Suppose 14 + 1 = c*s. Suppose 0 = -5*y + 4*o - 6*o + 658, -5*y - s*o + 670 = 0. What are the prime factors of y?
2, 5, 13
Suppose 3*n + 621 + 630 = 0. Let q = n + 933. List the prime factors of q/8 - (-3)/(-2).
3, 7
Suppose -5*b + 12 = -2*b + 3*d, -b - 2 = -2*d. Suppose i = -5*v + 65, -3*i + 417 = b*i + 2*v. What are the prime factors of i?
5, 17
Let o = -428 - -435. Suppose -y - y = -24. Suppose -y = o*j - 1062. What are the prime factors of j?
2, 3, 5
Let x(z) = 3*z**2 + 15*z + 4. Let g be x(-5). Suppose -2*o + 229 = 2*t + 3, 0 = 2*t - g*o - 232. List the prime factors of t.
2, 3, 19
Let a(x) = 550*x + 238. Let q(h) = -275*h - 118. Let m(f) = -6*a(f) - 11*q(f). List the prime factors of m(-4).
2, 5, 97
Let f = -1185 + 573. List the prime factors of (-6)/4*(-17)/(f/(-5232)).
2, 109
Let y = 11 + -4. Let d = 186 - 180. Suppose -d*p - 24 = -y*p. What are the prime factors of p?
2, 3
Let f = -25613 - -36137. List the prime factors of f.
2, 3, 877
Let c = 13623 + -5679. What are the prime factors of c?
2, 3, 331
Suppose 3*r - 648 - 2410 = -2*i, -5*i - 4*r + 7652 = 0. List the prime factors of i.
2, 383
Suppose 0 = -5*w - 4*a + 32, 0 = 5*a + 12 - 2. Let y(u) = 99*u**2 - 2*u. Let v be y(2). Suppose -w*i + v = -0*i. List the prime factors of i.
7
Suppose -y - 33 = -27. Let w(l) = -10*l**3 - 15*l**2 - 2*l + 13. What are the prime factors of w(y)?
5, 7, 47
Suppose -8 = -4*v, -5*s = -19*v + 16*v - 128499. What are the prime factors of s?
3, 13, 659
List the prime factors of 4/(-18) + 95516*779/1476.
50411
Let k(u) = u**2 - 9*u + 12. Let m be k(8). Suppose -6 = -m*v - 2*j, -7*v + 15 = -2*v + j. List the prime factors of v.
2
Let a(r) = -11*r - 8. Let q be a(-2). Let p = q - -113. Suppose 4*l - p = 77. What are the prime factors of l?
3, 17
List the prime factors of 13331*(2 - (-3 + -1 + 5)).
13331
Suppose -3*f + 13 - 19 = 0. Let c be f*(-2)/(-4)*1. What are the prime factors of c/(-4 + 7)*-6?
2
Let d = 794 - 517. Suppose 0 = -3*t + t + 4*y + 586, -t = 2*y - d. What are the prime factors of t?
3, 5, 19
Suppose -3*x = -4*d - 0*d - 10155, -5*x = -25. Let a = -1807 - d. What are the prime factors of a?
2, 7, 13
Let d(z) = 15*z - 71. Let y be d(6). Suppose y*w = 5*i + 15*w - 542, 2*w = -3*i + 312. List the prime factors of i.
2, 53
Let d = 10329 + -1586. What are the prime factors of d?
7, 1249
Let q be ((-7)/(42/561))/((-2)/4). Let c = q - 125. Suppose -2*g = -c - 112. What are the prime factors of g?
3, 29
Let h(u) = -7*u - 4. Let t be h(3). Let n(l) = 422*l + 7202. Let g be n(-17). Let x = t + g. List the prime factors of x.
3
Suppose -526 = -12*f - 622. Let l(a) = -2 - 11*a + 3 + 4. List the prime factors of l(f).
3, 31
Suppose -14081 - 1689 = -95*q. List the prime factors of q.
2, 83
Suppose -33*n = -29*n + 4*d - 28292, 0 = -d. List the prime factors of n.
11, 643
Suppose 0 = -18*s + 19*s + 9*s - 43390. What are the prime factors of s?
4339
Suppose -z + 27 = 4*t - 18, 5*t + 3*z - 51 = 0. Suppose -t*b + 5126 = -1186. What are the prime factors of b?
2, 263
Let l = 80 + -68. Let d be 4/(-6) + 1 - 58/(-6). List the prime factors of (l/d)/((-2)/(-320)).
2, 3
Let w(s) be the second derivative of s**5/20 - 11*s**4/4 - 58*s**3/3 + 107*s**2/2 + 155*s. What are the prime factors of w(37)?
1291
Suppose -1707 - 1428 = 19*h. What are the prime factors of 132/h + (-4389)/(-5)?
877
Let x = -51710 - -76098. What are the prime factors of x?
2, 7, 13, 67
Let s(r) = 55370*r**2 + 117*r + 1. List the prime factors of s(1).
2, 3, 17
Let d = -123 - -1026. Suppose -5*q - d = -43. Let u = q - -271. What are the prime factors of u?
3, 11
Suppose 2*d - d = k - 57, -5*k = 2*d + 149. Let m = 288 + d. List the prime factors of m.
2, 113
Let s(g) = g**3 - 14*g**2 - 30*g - 32. Let u be s(16). Suppose -21*m + 14*m + 98 = u. List the prime factors of m.
2, 7
Let y = -6 - -37. 